 by 15.
10
What is the remainder when 2017 is divided by 994?
29
What is the remainder when 1033 is divided by 74?
71
Calculate the remainder when 100 is divided by 20.
0
What is the remainder when 577 is divided by 117?
109
Calculate the remainder when 508 is divided by 168.
4
Calculate the remainder when 528 is divided by 76.
72
What is the remainder when 395 is divided by 19?
15
What is the remainder when 30 is divided by 12?
6
What is the remainder when 260 is divided by 73?
41
What is the remainder when 383 is divided by 46?
15
What is the remainder when 4928 is divided by 274?
270
What is the remainder when 819 is divided by 10?
9
Calculate the remainder when 364 is divided by 74.
68
What is the remainder when 58 is divided by 23?
12
What is the remainder when 1563 is divided by 777?
9
What is the remainder when 981 is divided by 971?
10
Calculate the remainder when 158 is divided by 58.
42
What is the remainder when 31 is divided by 24?
7
What is the remainder when 536 is divided by 24?
8
Calculate the remainder when 6883 is divided by 135.
133
What is the remainder when 779 is divided by 23?
20
What is the remainder when 3197 is divided by 6?
5
Calculate the remainder when 3469 is divided by 112.
109
Calculate the remainder when 13937 is divided by 263.
261
Calculate the remainder when 960 is divided by 145.
90
Calculate the remainder when 87 is divided by 15.
12
What is the remainder when 840 is divided by 260?
60
Calculate the remainder when 117 is divided by 45.
27
What is the remainder when 332 is divided by 13?
7
Calculate the remainder when 110 is divided by 21.
5
Calculate the remainder when 508 is divided by 15.
13
What is the remainder when 4062 is divided by 15?
12
Calculate the remainder when 3804 is divided by 32.
28
What is the remainder when 470 is divided by 5?
0
Calculate the remainder when 2164 is divided by 705.
49
What is the remainder when 753 is divided by 18?
15
What is the remainder when 31548 is divided by 272?
268
What is the remainder when 506 is divided by 13?
12
What is the remainder when 269 is divided by 15?
14
Calculate the remainder when 1800 is divided by 86.
80
Calculate the remainder when 340 is divided by 81.
16
Calculate the remainder when 92 is divided by 51.
41
Calculate the remainder when 602 is divided by 213.
176
What is the remainder when 622 is divided by 105?
97
Calculate the remainder when 819 is divided by 221.
156
What is the remainder when 427 is divided by 13?
11
Calculate the remainder when 73 is divided by 25.
23
What is the remainder when 1056 is divided by 97?
86
What is the remainder when 154 is divided by 27?
19
What is the remainder when 484 is divided by 122?
118
Calculate the remainder when 2537 is divided by 54.
53
Calculate the remainder when 136 is divided by 23.
21
Calculate the remainder when 1307 is divided by 31.
5
What is the remainder when 475 is divided by 122?
109
Calculate the remainder when 1268 is divided by 141.
140
Calculate the remainder when 124 is divided by 14.
12
Calculate the remainder when 5682 is divided by 29.
27
Calculate the remainder when 230 is divided by 15.
5
Calculate the remainder when 649 is divided by 269.
111
Calculate the remainder when 1077 is divided by 34.
23
What is the remainder when 41 is divided by 26?
15
What is the remainder when 4901 is divided by 72?
5
What is the remainder when 717 is divided by 705?
12
Calculate the remainder when 513 is divided by 58.
49
What is the remainder when 2758 is divided by 10?
8
What is the remainder when 212 is divided by 57?
41
What is the remainder when 129 is divided by 23?
14
What is the remainder when 157 is divided by 24?
13
Calculate the remainder when 221 is divided by 7.
4
What is the remainder when 105 is divided by 12?
9
Calculate the remainder when 1556 is divided by 24.
20
What is the remainder when 3040 is divided by 338?
336
What is the remainder when 431 is divided by 149?
133
Calculate the remainder when 351 is divided by 59.
56
Calculate the remainder when 335 is divided by 102.
29
Calculate the remainder when 621 is divided by 19.
13
Calculate the remainder when 90 is divided by 26.
12
What is the remainder when 287 is divided by 151?
136
Calculate the remainder when 5437 is divided by 7.
5
What is the remainder when 323 is divided by 82?
77
Calculate the remainder when 55 is divided by 12.
7
What is the remainder when 1601 is divided by 325?
301
Calculate the remainder when 544 is divided by 269.
6
What is the remainder when 2448 is divided by 25?
23
Calculate the remainder when 962 is divided by 142.
110
What is the remainder when 1083 is divided by 35?
33
What is the remainder when 65 is divided by 4?
1
What is the remainder when 83 is divided by 5?
3
Calculate the remainder when 65 is divided by 33.
32
What is the remainder when 6880 is divided by 45?
40
Calculate the remainder when 261 is divided by 45.
36
Calculate the remainder when 305 is divided by 37.
9
What is the remainder when 128 is divided by 35?
23
What is the remainder when 598 is divided by 10?
8
What is the remainder when 1660 is divided by 99?
76
Calculate the remainder when 357 is divided by 45.
42
Calculate the remainder when 2087 is divided by 10.
7
Calculate the remainder when 324 is divided by 13.
12
What is the remainder when 253 is divided by 66?
55
Calculate the remainder when 6213 is divided by 56.
53
Calculate the remainder when 1956 is divided by 65.
6
What is the remainder when 425 is divided by 386?
39
What is the remainder when 29 is divided by 8?
5
Calculate the remainder when 129 is divided by 26.
25
Calculate the remainder when 2057 is divided by 10.
7
What is the remainder when 1084 is divided by 64?
60
Calculate the remainder when 659 is divided by 68.
47
Calculate the remainder when 1810 is divided by 893.
24
Calculate the remainder when 463 is divided by 58.
57
What is the remainder when 51 is divided by 16?
3
Calculate the remainder when 769 is divided by 112.
97
Calculate the remainder when 315 is divided by 80.
75
What is the remainder when 934 is divided by 11?
10
What is the remainder when 284 is divided by 16?
12
Calculate the remainder when 4344 is divided by 82.
80
What is the remainder when 14 is divided by 8?
6
What is the remainder when 67 is divided by 22?
1
What is the remainder when 42335 is divided by 216?
215
Calculate the remainder when 2625 is divided by 37.
35
Calculate the remainder when 15349 is divided by 23.
8
What is the remainder when 104 is divided by 7?
6
What is the remainder when 727 is divided by 81?
79
What is the remainder when 46 is divided by 2?
0
Calculate the remainder when 1281 is divided by 423.
12
What is the remainder when 419 is divided by 275?
144
What is the remainder when 1283 is divided by 212?
11
What is the remainder when 143 is divided by 29?
27
Calculate the remainder when 41236 is divided by 58.
56
What is the remainder when 503 is divided by 36?
35
What is the remainder when 551 is divided by 83?
53
What is the remainder when 385 is divided by 63?
7
Calculate the remainder when 484 is divided by 10.
4
What is the remainder when 231 is divided by 21?
0
Calculate the remainder when 1249 is divided by 262.
201
What is the remainder when 1218 is divided by 13?
9
What is the remainder when 487 is divided by 62?
53
What is the remainder when 508 is divided by 502?
6
Calculate the remainder when 1560 is divided by 517.
9
What is the remainder when 83 is divided by 29?
25
Calculate the remainder when 362 is divided by 43.
18
What is the remainder when 380 is divided by 32?
28
What is the remainder when 229 is divided by 26?
21
What is the remainder when 1427 is divided by 179?
174
Calculate the remainder when 314 is divided by 9.
8
What is the remainder when 25 is divided by 13?
12
What is the remainder when 3331 is divided by 68?
67
What is the remainder when 170 is divided by 36?
26
What is the remainder when 107 is divided by 9?
8
What is the remainder when 5763 is divided by 1918?
9
What is the remainder when 592 is divided by 197?
1
What is the remainder when 1718 is divided by 417?
50
What is the remainder when 957 is divided by 5?
2
Calculate the remainder when 814 is divided by 269.
7
What is the remainder when 2376 is divided by 85?
81